actors of d.
3, 199
Let z = 27 + -27. Suppose z = 17*w - 15*w. Suppose 0*q + 700 = 4*q - 5*t, 4*t = w. What are the prime factors of q?
5, 7
Suppose 5 = 2*w - 3*w. Let q(o) = -5*o**3 - o**2 + 2*o + 1. Let z(y) = 6*y**3 - y**2 - 9*y - 4. Let s(a) = -q(a) - z(a). What are the prime factors of s(w)?
11, 13
Let a be 166/6*(-9)/(-3)*9. Suppose -15*j + a = -918. What are the prime factors of j?
3, 37
Let o be (956/6)/(-2) + (-1)/3. Let z = o + 152. Suppose 4*q - q = -3*u + z, -5*q + 64 = 3*u. List the prime factors of u.
2, 7
Let t(b) = -2 + 0 - 3 + 7*b**2 + b. Let r(x) = 8*x**2 + 51*x + 22. Let g be r(-6). List the prime factors of t(g).
3, 37
Let j(u) be the third derivative of -13*u**4/12 - 9*u**3/2 - 20*u**2. Let l(d) = -13*d - 13. Let a(w) = -6*j(w) + 13*l(w). What are the prime factors of a(-12)?
149
Let w(o) = 1154*o**2 - 26*o - 18. What are the prime factors of w(-3)?
2, 3, 1741
Suppose 0 = 19*n + 15*n + 102. List the prime factors of 12/(-6) + (-1806)/n.
2, 3, 5
Suppose 3*n + 7 - 22 = 3*k, 4 = -4*k. Suppose -n*h = -8413 - 7247. Suppose -10*c + h = 5*c. What are the prime factors of c?
3, 29
Suppose -4*s + 20 = -0*s - 5*d, 4*s + 2*d - 20 = 0. Suppose 48*h = 44*h - 4*y + 7072, -s*y + 7074 = 4*h. List the prime factors of h.
2, 883
Let o = -23 - -26. Suppose -o - 5 = 2*n. What are the prime factors of 104 - (1 + n + 4)?
103
Suppose 0 = 18*j - 19*j - 5*x + 12714, 0 = -5*x + 35. What are the prime factors of j?
31, 409
Let h(s) be the first derivative of 18*s**2 - 15*s - 10. Let r be (-3)/(4 - (-18)/(-4)). What are the prime factors of h(r)?
3, 67
Suppose 189*j = 198*j - 20745. What are the prime factors of j?
5, 461
Let i(g) = 3*g**2 + 88*g - 45. Let y be i(-30). Suppose 6881 = y*d - 3619. List the prime factors of d.
2, 5, 7
Let w be 88/((-4)/18*-3). Let i = w + -50. Let f = -56 + i. List the prime factors of f.
2, 13
Let i = -3922 - -6922. Suppose -410 = 7*b - i. What are the prime factors of b?
2, 5, 37
Let w(h) = h + 1. Let z be w(-1). Let p(m) be the first derivative of -m**4/4 - m**3/3 - m**2 + 46*m + 72. List the prime factors of p(z).
2, 23
Let m(i) = -3*i - 9. Let h be m(-6). Let s(a) = -12*a + 12*a - 17*a - h*a - 37. List the prime factors of s(-4).
67
Suppose 8*x - 48748 = -3*o, 3*x + 8636 = o - 7585. What are the prime factors of o?
2, 3, 11, 41
Let g(u) = -u**3 - 14*u**2 + 116*u - 145. What are the prime factors of g(-36)?
17, 1423
Let z(r) = -927*r + 730. List the prime factors of z(-8).
2, 4073
Suppose -p + 2 = -3*r, -2*r = -2*p + 1 + 7. Suppose -5 - 9 = -v - 5*q, -p*v = -3*q - 42. Suppose 9*y = 10*y - v. What are the prime factors of y?
3
Let f = 155 + -71. List the prime factors of ((-636)/(-24))/(3/f*2).
7, 53
Let m = 64 - 64. What are the prime factors of 0 - m - (-1756)/4?
439
Let l(j) = -j**3 + 2*j**2 + 2*j + 6. Let a be l(3). Suppose -4*n + 61 = -a. Let s = -6 + n. What are the prime factors of s?
2, 5
Suppose 2*r - 32 = -6*r. Let a be (-2 - 3/(-2))/((-3)/18). Suppose -a*n - 450 = -r*c, -c - c = -4*n - 220. List the prime factors of c.
2, 3, 19
Let d = -877 - -881. Suppose 33*o + 10 = 35*o - d*n, -n + 22 = 3*o. What are the prime factors of o?
7
Suppose 0 = -4*l - 3*i + 2*i - 23, 3*l = 4*i - 41. Let f(m) = -20*m + 24*m - 2 + 35. What are the prime factors of f(l)?
5
Suppose -5*b + 5*z = -7*b + 36, -3*b + 54 = -4*z. Suppose 0 = 19*p - b*p - 128. What are the prime factors of p?
2
Let f(t) = 21910*t - 6446. List the prime factors of f(3).
2, 14821
Let s(z) = -4*z**3 + 3*z**2 + 16*z - 171. What are the prime factors of s(-13)?
2, 3, 743
Let w = 31 - 31. Suppose -4*z = 5*m - 192, -4*z = -w*z - 12. Suppose 4*x + 25 = t, 0 = 2*t + t + x - m. List the prime factors of t.
13
Let c = -498 + 500. Suppose -3*f + 775 = 7*j - 2*j, f - c*j - 251 = 0. List the prime factors of f.
3, 5, 17
Let m(v) = 35*v - 1. Suppose 4 = -k + 5. Let f be m(k). Suppose -114 = -4*s + f. List the prime factors of s.
37
Let g(k) = k**3 + 133*k**2 + 701*k + 141. What are the prime factors of g(-126)?
3, 7649
Let v(x) = x**3 + 2*x**2 - 7*x + 48. What are the prime factors of v(17)?
2, 5, 271
Suppose 0 = 45*j - 116720 - 387460. What are the prime factors of j?
2, 2801
Let p(s) = 186*s**3 - 33*s**2 + 130*s - 31. List the prime factors of p(4).
3, 5, 7, 113
Let j be (-2819 - (16 - 5))*(-2)/(-2). Let t = j + 4730. What are the prime factors of t?
2, 5, 19
Let s(w) be the first derivative of -33*w**4/2 + 14*w**3/3 + 16*w**2 + w - 211. List the prime factors of s(-3).
7, 37
Suppose 0 = -4*h + 3*v - 9812 + 161629, -37916 = -h + 5*v. What are the prime factors of h?
7, 11, 17, 29
Let o(j) = 11*j - 17. Suppose -41 - 229 = 6*f. Let s = -39 - f. What are the prime factors of o(s)?
7
Let i = 218 + 135. Suppose 30*p + i = 31*p. List the prime factors of p.
353
Suppose -5*k + 33 = -5*i - 17, 3*i = 4*k - 36. List the prime factors of (-1)/3*(-2452 + (k - 5)).
19, 43
What are the prime factors of 0 + (-2)/(-8) - (-3489715)/164?
3, 41, 173
Let y(h) = 10*h - 48. Let t be y(5). Suppose 0 = s + 4*v + 10, s - 13 + 5 = t*v. Suppose s*p - i = 4*p - 316, 2*p = -3*i + 316. What are the prime factors of p?
2, 79
Let r(i) = 35*i**3 + i**2 - 4*i. What are the prime factors of r(4)?
2, 5, 7
Suppose -19102 = -5*m + 3*q, 4*m - 4501 = -5*q + 10825. List the prime factors of m.
2, 239
Let a(c) = -8*c**2 - 32*c - 13. Let j(h) = h**2 - h - 1. Let p(s) = a(s) + 6*j(s). List the prime factors of p(-18).
17
Let p = -54 - -68. Suppose 0 = -p*i + 4717 - 503. List the prime factors of i.
7, 43
Suppose -35*w - 4307 + 773 = -4*w. Let a(i) = 24*i**3 + i**2 - 2. Let j be a(2). Let s = w + j. What are the prime factors of s?
2, 5
Let f = 1775 - -37184. What are the prime factors of f?
38959
Let d be ((-22)/3)/(-1*(-2)/(-3)). Suppose 0*s - d*s = -2266. List the prime factors of s.
2, 103
Suppose -4311 = 5*w + 3*v, 4*w - 5*v = -3323 - 111. Let f = w - -1591. List the prime factors of f.
2, 5, 73
Let q = -31 + 46. Let i be q/6*(123/5 - 1). Let d = 157 - i. What are the prime factors of d?
2, 7
Let h be (5 + -39)*(0 + 15/(-6)). Let y = h + -63. Let b(u) = u**2 - 19*u + 18. What are the prime factors of b(y)?
2, 3, 7
Let k be (-1441)/(-5) - 8/(-10). Suppose k = 2*q - 1. Suppose 7*l = 926 + q. What are the prime factors of l?
3, 17
Let c(s) = 4096*s**3 + 8*s**2 - 4*s - 10. List the prime factors of c(2).
2, 37, 443
Suppose 3*k - 1297 = -2*m + 916, 0 = 3*k + 3*m - 2208. Let y = -163 + k. List the prime factors of y.
2, 17
Let b = 66 + 62. Suppose -4*k - 5*f + 27 = -b, 0 = -f - 5. List the prime factors of k/(-30) + (-1 - 27/(-2)).
11
Let x be 1/(-4) + 5640/32. Suppose t - x = -4*s + 47, -5*t + 1172 = s. Suppose -3*h + t = -257. What are the prime factors of h?
2, 41
Let u(i) = 23*i + 95. Let j be u(-4). List the prime factors of 4 + -2 - (j/(-1) - -2).
3
Let s be 12/9 - (-244)/(-18)*-3. Suppose -6*z + s*z - 27288 = 0. What are the prime factors of z?
2, 379
Suppose 5*x = -5*b + 27 + 103, -10 = -2*x. Suppose -b = p - 17. List the prime factors of 2/p*(-954)/9.
53
Suppose 0 = 5*b - 3*g - 105747 - 56066, 0 = 4*b + 3*g - 129472. What are the prime factors of b?
5, 6473
Suppose 5*z - 386 = 4*c, 27*z = 24*z - 4*c + 206. List the prime factors of z.
2, 37
Let p = -433 + 211. Let c = 592 + p. List the prime factors of c.
2, 5, 37
Let p = -67351 + 116074. List the prime factors of p.
3, 109, 149
Suppose 4*w - 18 = -2*a, -5*a + w + 5 = 3*w. Let j be (a - (-99)/21) + (-2)/(-7). Suppose g - 63 = -j*y, 67 = -5*g + 5*y + 482. What are the prime factors of g?
79
Let a(d) = -d + 5*d - 2*d - 4 - 6. Let u be a(4). What are the prime factors of 1098/30 + u/(-5)?
37
Let g be 1/(-5) - (359/5 + -5). Let b = g + 846. List the prime factors of b.
19, 41
Suppose -3*l + 2 + 4 = 4*d, -5*l + 10 = -2*d. Suppose c = -2*c - 3*q - 15, 5*q = -l*c - 25. Suppose c = 10*f - 715 + 205. What are the prime factors of f?
3, 17
Let h(r) be the first derivative of -r**3/3 - 6*r**2 + 15*r + 4. Let a be h(-13). Suppose 171 = a*u - 83. List the prime factors of u.
127
Let v(u) = -23*u - 67. Let z be v(-7). Suppose -4*j + 4 - 18 = -p, 4*p + 3*j = z. List the prime factors of p.
2, 11
Suppose 155*l + 5360 = 175*l. List the prime factors of l.
2, 67
Let z = -132 - -116. Let p(l) = -l**3 - 12*l**2 + 22*l - 20. What are the prime factors of p(z)?
2, 163
Su